 -33 - (12 - 1)
-8
What is 7 - (23 + (4 - (10 - -1)))?
-9
What is the value of 5 + -2 + -2 + 0 + 0?
1
What is the value of -19 + (1 - -7) + 8?
-3
What is the value of 2 + -2 + -7 - -3?
-4
Evaluate 0 + 4 - (123 - 117).
-2
What is the value of -3 - -6 - (6 + -3)?
0
What is 3 - 10 - (-6 + -5 + 4)?
0
Evaluate 1 + (2 - 0 - (2 + -1)).
2
What is -1 - (0 - 11 - (87 + -92))?
5
(-22 - -21) + (-1 - 3)
-5
What is the value of 387 - 383 - (1 - (-2 + 1))?
2
What is the value of 5 + -1 - 4 - 3?
-3
Calculate (-3 + 1 - 2 - 2) + 3.
-3
What is the value of -1 - (-4 - (-1 + (0 - 4)))?
-2
Evaluate (15 - 11) + (-4 - 3).
-3
-3 + 2 - 0 - (0 - 3)
2
Calculate 5 + -2 - (5 - (-2 - -7)).
3
Calculate -1 - -5 - (-2 + 5).
1
Evaluate -9 + (-7 - (-7 + -5)).
-4
11 + -6 + 5 + -4
6
Calculate 1 + -10 + 10 + -1 + 3.
3
What is 11 - (-33 - -36 - (-1 - 2))?
5
Calculate -7 - (-32 - -32 - (2 - -4)).
-1
Calculate -8 - -1 - -1 - (-52 - -51).
-5
What is the value of 4 + -1 - -4 - 9?
-2
What is the value of 0 - 0 - (12 + -10)?
-2
What is the value of 1 + (-1 + -6 + 8 - -1)?
3
Calculate -1 + -4 - -8 - -3.
6
6 + (-10 - (-5 - 1))
2
Evaluate -2 + -8 + 8 - (-1 + 3).
-4
Evaluate 7 - (3 + -1) - (-50 - -51).
4
1 - (6 - 8 - -3 - 6)
6
Calculate -2 + 0 + 4 - (-1 + 2).
1
What is 0 - (2 + -13 + 5)?
6
What is the value of (3 - 4) + -3 - (6 - 7)?
-3
Calculate -3 - ((3 - 3) + -8).
5
What is (4 - 10) + 6 + 1?
1
What is the value of 5 + (-7 - 0 - 2)?
-4
What is -4 + 11 + (0 - 4)?
3
-5 + (2 - (-4 + 1)) - -5
5
What is 6 - (-7 + 3 + 6)?
4
-1 - 1 - -1 - 3
-4
8 + 0 - (3 - -1)
4
Calculate (1 - -3) + (14 - 2 - 8).
8
Evaluate (1 - 0) + (1 + -3 - 4).
-5
What is the value of -2 - (1 + (-4 - (-8 + 4)))?
-3
Evaluate (1 - 7 - -3) + (-10 - -8).
-5
What is -7 + (-1 - -6) + 6 - 1?
3
What is -2 + (4 - -1) + -2?
1
11 - 16 - (3 + 1 + -3)
-6
Evaluate -12 - (1 - (-1 + 15)).
1
Calculate -35 + 27 - (-8 - 0).
0
(1 - (2 - 4)) + (-1 - -1)
3
What is the value of -18 + (1 + -6 - (35 + -48))?
-10
What is the value of (32 - 28) + 1 + -5?
0
What is -5 + 5 + -4 - -1?
-3
Evaluate 4 - (8 + -2 + -4).
2
Evaluate (-2 - -6) + 2 + (3 - 5).
4
What is 6 - (7 + (3 - 8 - -2))?
2
Evaluate -2 + -2 + 10 + -2.
4
Evaluate (1 - (3 + -2 + -4)) + -7.
-3
What is -4 + 5 - (-1 + -2 + 1)?
3
Calculate -1 - (1 - (4 + -8) - 8).
2
Calculate 9 + 6 + -9 - 5.
1
-4 + (15 - (9 - 4))
6
1 + 0 + 4 + (27 - 26)
6
What is -3 - (4 + 2 + -13)?
4
Evaluate 3 - (-5 + 9 - 6).
5
Evaluate -8 + 9 - (5 - 2).
-2
What is 2 + -4 - (-18 + 15) - 7?
-6
What is the value of 4 + 5 + -1 + 0 + -8?
0
What is the value of -3 + -1 + (2 - 0)?
-2
What is (4 - -2 - 13) + 1?
-6
What is 2 - 6 - -12 - 4?
4
What is (0 - -1) + -4 - (-395 + 396)?
-4
Evaluate -3 + (1 - 2) + 2 - 6.
-8
What is the value of 8 + -3 - (6 - (2 - -1))?
2
Evaluate 5 - ((0 - 1) + (22 - 22)).
6
14 + -21 + -1 + 3 + 4
-1
Evaluate 5 - (-5 + 13 - 8).
5
5 + (1 + 2 - 5)
3
Evaluate (-2 - -1) + (3 - -4 - 2).
4
Calculate 1 + -6 + (3 - (5 + -6)).
-1
Calculate -4 + -5 - (-3 + -13).
7
Calculate 7 + 5 + 8 + -13.
7
What is the value of -2 + 1 + (0 - 1)?
-2
What is 5 - (15 + 7 + -14)?
-3
What is (-7 - -6) + 5 + -9?
-5
Evaluate -2 + 0 - (2 + -7).
3
What is the value of -6 - 0 - ((6 - 12) + 5)?
-5
Calculate 3 - (-1 - -8 - 2).
-2
What is the value of 29 + -36 - (-1 + -1)?
-5
-2 - 6 - (-49 - -43)
-2
Evaluate (-1 - (4 + (-2 - 3))) + -4.
-4
What is (0 + -1 - (5 - 2)) + 0?
-4
What is -9 + 6 - (1 + -2 - 7)?
5
93 - 85 - (-2 + 2)
8
Calculate -8 - (-10 - (-14 - -4)).
-8
Evaluate -2 + -6 + (6 - 4) + 1.
-5
Calculate (2 - 0) + 3 + 0.
5
What is -1 + 31 + -29 + 6 + -1?
6
Evaluate -1 + -2 + -3 - (4 - 4).
-6
Evaluate 5 + 3 + (6 - 9).
5
5 + (-4 - -2) + -86 + 88
5
Evaluate (1 - -3 - (2 + 6)) + 4.
0
5 - (3 + -5 + 13 + -6)
0
-7 + (9 - -4) + -8
-2
What is the value of 2 - -4 - (-6 - -8)?
4
What is 1 + -5 + -6 + (-2 - -17)?
5
Evaluate 2 + (5 + -7 - (-4 + 3)).
1
What is the value of 1 + -9 - (-3 + -1)?
-4
What is the value of 1 + 1 - (20 - 22)?
4
-1 + -2 - (-6 - -1) - -4
6
2 + 3 + 1 + -2
4
2 - (2 + (-3 + 2 - 3))
4
Calculate -3 + (1 - (-4 + 1)) + 1.
2
Evaluate (-2 - (0 - 6)) + -6.
-2
-5 + 16 + 0 - 3
8
What is -26 - -17 - (-2 - 12)?
5
Evaluate -5 + (0 - 4) + 6 + 0.
-3
7 + -14 + (2 - -4)
-1
What is -12 + 11 + -4 + 1 + 10?
6
-3 - (-1 - -1) - (3 - 8)
2
Evaluate 1 + -3 - (-3 + -6 + 8).
-1
Calculate -2 - (2 - (2 + 9)).
7
Evaluate 66 + -70 + 3 + 1.
0
Evaluate (67 - 77) + (1 - -13).
4
26 + -9 - 7 - 2
8
-4 - ((-1 - -2) + -4 + 4)
-5
What is 3 - -2 - ((0 - 0) + 0)?
5
What is 0 + -1 + -1 + -3?
-5
Calculate -4 + 6 - (-1 + (-3 - -7)).
-1
Evaluate (2 - 10) + (13 - -1) + -9.
-3
What is the value of 3 + (1 - -4 - 4)?
4
What is (-6 - (-9 - 1)) + -11?
-7
What is the value of 8 + 7 + (-13 - -2)?
4
What is the value of -2 + 1 + (-20 - -23)?
2
Evaluate 8 + 4 + -3 + -7 + 5.
7
(4 - 8) + 2 - 3
-5
-11 - (-8 - (0 + 1))
-2
-1 + 5 + -4 - 1
-1
What is 0 + -2 + 2 - (7 + -4)?
-3
What is the value of -1 - (-9 - -4) - 6?
-2
What is 7 + -4 + -4 - 4?
-5
Evaluate 1 + -4 + (7 - -3 - 9).
-2
What is the value of -6 - -9 - (2 - 5)?
6
What is -2 + 10 + (-3 - 1)?
4
(-45 + 20 - -13) + (0 - -5)
-7
Evaluate -24 - -22 - (-4 + -1).
3
What is the value of 96 + -100 + (9 - 0) + 2?
7
Evaluate -13 + 3 + 3 + 2 - -10.
5
What is the value of -2 + 13 + (-15 - -4)?
0
Calculate 0 - (-8 + 1) - (3 + 0).
4
-9 + 9 + -7 + 3
-4
Calculate 6 + 7 + -9 + 3 + -1.
6
What is the value of -2 + 3 + 1 + -3?
-1
Evaluate (-21 - -14) + 9 + 2 + 1.
5
(2 - 3) + (5 + -5 - 0)
-1
What is -9 + 7 + -5 + 1?
-6
0 + -9 + 3 + 3
-3
Calculate 3 + 1 + -8 - 0.
-4
Calculate -1 + 9 - (24 - 12).
-4
Calculate 2 - (2 + (-5 - -8) + -4).
1
-10 + 19 + 2 + -4
7
What is the value of 1 + 1 + 1 + 6 + -8?
1
Calculate 5 + 6 + -6 + (-6 - 1).
-2
What is the value of -1 - (2 - 3) - (-16 - -16)?
0
What is 1 - 3 - 2 - -1?
-3
7 - (-2 + 1 + 4) - 4
0
(-4 + 2 + 3 - 3) + 3
1
Evaluate -9 + (7 - 4 - 2) + 3.
-5
Evaluate 14 + -13 - (-3 + -2).
6
-2 - (-2 + -2 - -3) - -4
3
What is the value of (4 - -12) + -7 + -1?
8
What is -2 + (2 + -5 - (-3 + 3))?
-5
What is 5 - 2 - (0 + 0 - -3)?
0
Evaluate 7 - (2 - (-7 + -4)).
-6
3 - ((-11 - -2) + 6)
6
What is the value of -3 - (4 + -1 + -6)?
0
Evaluate (-4 + 5 - 0) + -1 + -2.
-2
Evaluate 7 + 0 + -2 + -6.
-1
What is (-1 - 7) + 4 + 3?
-1
Calculate 12 - (15 + 0 + -13).
10
What is the value of 6 - (12 - (-7 + 15))?
2
-1 - (3 + 3 + (2 - 3))
-6
What is -7 - (-2 + -3 - 0)?
-2
What is (-2 - -6) + -3 - -3?
4
(3 - 1) + -25 + 26
3
What is the value of -2 + 14 + (10 + -18 - -3)?
7
Calculate (1 - 0) + -8 + -3 + 6.
-4
Calculate 2 + -3 + (13 - 7).
5
What is 1 + 2 + -10 + 5 - 1?
-3
What is 5 - (4 - 5) - 10 - 1?
-5
4 + -1 - (11 - (9 - -3))
4
What is the value of 2 + (6 - -1) + -9?
0
What is the value of -3 + -5 + (0 - -3)?
-5
What is -13 + 0 + 27 + -8?
6
What is the value of -44 + 48 + -1 + -4 + 0?
-1
Calculate 1 + (-1 - (-2 - -6)).
-4
What is 4 + (8 - 12) + 3 + 0?
3
6 + (-4 + 0 - (51 - 57))
8
What is the value of -10 - ((35 - 34) + (-7 - -1))?
-5
Calculate (-1 - -5) + -6 + -3 - -1.
-4
4 + (3 - (-5 + 12 + -5))
5
What is the value of (6 - (6 + -6)) + 0?
6
What is 3 - (-3 - ((-5 - -3) + -1))?
3
What is (1 - -5) + -6 - 0?
0
Calculate 1 - (3 + 0) - (-2 + 4).
-4
Evaluate -3 - (5 - 2) - -7.
1
What is -1 + (-4 - 1) + 11?
5
What is 0 + 16 - (86 + -76)?
6
-4 + 4 + -1 + 4
3
Evaluate -2 + 5 + 4 - 4.
3
What is 5 - (6 + (-5 - -3))?
1
-14 + 15 - (-4 - (-4 - 0))
1
Calculate 8 - (7 + 12 + -8).
-3
Calculate -3 - -3 - (0 - -2) - -3.
1
What is the value of -1 + 1 + (10 - (-1 + 9))?
2
Calculate 0 + -3 + 7 + -6 + 3.
1
Calculate 2 - (-6 - (-4 - 8)).
-4
Evaluate (3 - -2) + (-7 - -2).
0
Calculate 6 - (5 + (1 - 3)).
3
13 + 4 + -11 + 0 + -5
1
What is -4 + (2 + -1 + 3 - 3)?
-3
-3 - -8 - (0 - (-5 - 4))
-4
-4 - (4 + 1 + -2 - 3)
-4
(2 - 1) + 29 + -34
-4
Evaluate 1 - 1 - (-49 + 54).
-5
3 + (1 - 0) + -4
0
Evaluate -2 + (6 + -5 - 2).
-3
Calculate 11 + (12 - (5 + 8)).
10
What is (-3 - -3) + 0 + 3 + -6?
-3
Evaluate 4 + -4 + 0 + -2 + 3.
1
What is 1 + -4 - (2 - 4)?
-1
-3 + (-5 - -4) - -3
-1
Calculate -5 - (-1 - (-5 - -5)).
-4
Evaluate -20 + 17 - (2 + -10) - 0.
5
What is -2 + (1 - 6 - (-6 - 1))?
0
What is the value of 24 + -13 - (6 - -11)?
-6
-7 + 3 + -2 + 0
-6
What is the value of 8 + -3 + -4 + -1?
0
15 - 7 - (1 - -4)
3
Evaluate (19 + -12 - 5) + -3.
-1
Evaluate 6 + (-21 - -14) + -1 + -3.
-5
3 + -4 + (5 - 8)